2, 3, 181
What are the prime factors of 37363?
37363
What are the prime factors of 8744?
2, 1093
What are the prime factors of 1550?
2, 5, 31
List the prime factors of 69185.
5, 101, 137
List the prime factors of 37405.
5, 7481
What are the prime factors of 782?
2, 17, 23
What are the prime factors of 99260?
2, 5, 7, 709
What are the prime factors of 1686?
2, 3, 281
What are the prime factors of 298?
2, 149
What are the prime factors of 167?
167
List the prime factors of 5665.
5, 11, 103
List the prime factors of 20757.
3, 11, 17, 37
List the prime factors of 9461.
9461
What are the prime factors of 1101?
3, 367
What are the prime factors of 2014?
2, 19, 53
What are the prime factors of 568?
2, 71
List the prime factors of 347.
347
What are the prime factors of 31521?
3, 7, 19, 79
What are the prime factors of 935?
5, 11, 17
What are the prime factors of 2439?
3, 271
List the prime factors of 564.
2, 3, 47
What are the prime factors of 1549?
1549
What are the prime factors of 198158?
2, 99079
List the prime factors of 290.
2, 5, 29
What are the prime factors of 93916?
2, 53, 443
What are the prime factors of 6894?
2, 3, 383
What are the prime factors of 4602?
2, 3, 13, 59
List the prime factors of 95153.
95153
List the prime factors of 70621.
70621
What are the prime factors of 22194?
2, 3, 137
What are the prime factors of 602?
2, 7, 43
What are the prime factors of 99852?
2, 3, 53, 157
List the prime factors of 21856.
2, 683
List the prime factors of 79254.
2, 3, 7, 17, 37
What are the prime factors of 10863?
3, 17, 71
What are the prime factors of 18664?
2, 2333
What are the prime factors of 58443?
3, 7, 11, 23
What are the prime factors of 21113?
43, 491
What are the prime factors of 687?
3, 229
List the prime factors of 415.
5, 83
List the prime factors of 7345.
5, 13, 113
What are the prime factors of 50?
2, 5
List the prime factors of 4461.
3, 1487
List the prime factors of 94560.
2, 3, 5, 197
What are the prime factors of 197?
197
What are the prime factors of 1199?
11, 109
List the prime factors of 7061.
23, 307
What are the prime factors of 792?
2, 3, 11
List the prime factors of 601.
601
List the prime factors of 42588.
2, 3, 7, 13
What are the prime factors of 2994?
2, 3, 499
What are the prime factors of 1344?
2, 3, 7
What are the prime factors of 17?
17
List the prime factors of 1840.
2, 5, 23
What are the prime factors of 43?
43
What are the prime factors of 304?
2, 19
What are the prime factors of 8999?
8999
What are the prime factors of 1407?
3, 7, 67
List the prime factors of 46.
2, 23
List the prime factors of 630.
2, 3, 5, 7
List the prime factors of 2541.
3, 7, 11
What are the prime factors of 60126?
2, 3, 11, 911
List the prime factors of 1134.
2, 3, 7
What are the prime factors of 117482?
2, 58741
What are the prime factors of 13268?
2, 31, 107
What are the prime factors of 199499?
199499
List the prime factors of 1312.
2, 41
What are the prime factors of 908?
2, 227
List the prime factors of 124679.
124679
What are the prime factors of 290?
2, 5, 29
List the prime factors of 438.
2, 3, 73
List the prime factors of 2353.
13, 181
List the prime factors of 10015.
5, 2003
List the prime factors of 3377.
11, 307
What are the prime factors of 959?
7, 137
List the prime factors of 6011.
6011
What are the prime factors of 33911?
33911
What are the prime factors of 11607?
3, 53, 73
What are the prime factors of 8806?
2, 7, 17, 37
What are the prime factors of 705?
3, 5, 47
What are the prime factors of 2455?
5, 491
What are the prime factors of 2352?
2, 3, 7
What are the prime factors of 1213?
1213
List the prime factors of 38413.
107, 359
What are the prime factors of 49299?
3, 16433
What are the prime factors of 146766?
2, 3, 61, 401
List the prime factors of 1515.
3, 5, 101
What are the prime factors of 8255?
5, 13, 127
List the prime factors of 20457.
3, 2273
What are the prime factors of 1623?
3, 541
What are the prime factors of 83?
83
What are the prime factors of 1771?
7, 11, 23
What are the prime factors of 80066?
2, 7, 19, 43
List the prime factors of 58953.
3, 43, 457
List the prime factors of 42153.
3, 14051
What are the prime factors of 3468?
2, 3, 17
What are the prime factors of 839?
839
List the prime factors of 39353.
23, 29, 59
What are the prime factors of 634?
2, 317
What are the prime factors of 127182?
2, 3, 11, 41, 47
What are the prime factors of 25523?
25523
List the prime factors of 1044.
2, 3, 29
List the prime factors of 1603.
7, 229
What are the prime factors of 48427?
79, 613
List the prime factors of 394.
2, 197
List the prime factors of 40877.
41, 997
What are the prime factors of 27?
3
List the prime factors of 13438.
2, 6719
List the prime factors of 2951.
13, 227
List the prime factors of 330.
2, 3, 5, 11
List the prime factors of 6478.
2, 41, 79
What are the prime factors of 2227?
17, 131
What are the prime factors of 689?
13, 53
List the prime factors of 4263.
3, 7, 29
List the prime factors of 2332.
2, 11, 53
What are the prime factors of 23922?
2, 3, 443
List the prime factors of 4436.
2, 1109
What are the prime factors of 48326?
2, 73, 331
List the prime factors of 12465.
3, 5, 277
List the prime factors of 28049.
7, 4007
What are the prime factors of 10944?
2, 3, 19
List the prime factors of 2443.
7, 349
List the prime factors of 11894.
2, 19, 313
List the prime factors of 41191.
17, 2423
What are the prime factors of 294?
2, 3, 7
What are the prime factors of 14536?
2, 23, 79
What are the prime factors of 1881?
3, 11, 19
What are the prime factors of 19429?
19429
List the prime factors of 84503.
84503
List the prime factors of 13809.
3, 4603
What are the prime factors of 44987?
44987
List the prime factors of 20838.
2, 3, 23, 151
List the prime factors of 4010.
2, 5, 401
List the prime factors of 8918.
2, 7, 13
What are the prime factors of 78043?
7, 11149
List the prime factors of 4573.
17, 269
What are the prime factors of 76553?
37, 2069
List the prime factors of 14798.
2, 7, 151
List the prime factors of 2381.
2381
List the prime factors of 3452.
2, 863
What are the prime factors of 72320?
2, 5, 113
List the prime factors of 58.
2, 29
What are the prime factors of 18946?
2, 9473
What are the prime factors of 667?
23, 29
What are the prime factors of 3290?
2, 5, 7, 47
List the prime factors of 26456.
2, 3307
What are the prime factors of 9025?
5, 19
List the prime factors of 158.
2, 79
List the prime factors of 1531.
1531
What are the prime factors of 62691?
3, 20897
List the prime factors of 5146.
2, 31, 83
What are the prime factors of 11189?
67, 167
List the prime factors of 7280.
2, 5, 7, 13
What are the prime factors of 11211?
3, 37, 101
What are the prime factors of 42195?
3, 5, 29, 97
List the prime factors of 1310.
2, 5, 131
What are the prime factors of 68586?
2, 3, 7, 23, 71
List the prime factors of 8504.
2, 1063
What are the prime factors of 19647?
3, 37, 59
What are the prime factors of 6960?
2, 3, 5, 29
What are the prime factors of 83376?
2, 3, 193
What are the prime factors of 4541?
19, 239
List the prime factors of 3145.
5, 17, 37
What are the prime factors of 441?
3, 7
List the prime factors of 4325.
5, 173
List the prime factors of 38514.
2, 3, 7, 131
List the prime factors of 17810.
2, 5, 13, 137
What are the prime factors of 52448?
2, 11, 149
What are the prime factors of 73347?
3, 23, 1063
What are the prime factors of 598?
2, 13, 23
What are the prime factors of 1091?
1091
List the prime factors of 2933.
7, 419
List the prime factors of 23199.
3, 11, 19, 37
List the prime factors of 3505.
5, 701
What are the prime factors of 27184?
2, 1699
List the prime factors of 1570.
2, 5, 157
What are the prime factors of 55527?
3, 83, 223
What are the prime factors of 35329?
7, 103
What are the prime factors of 48003?
3, 16001
What are the prime factors of 49574?
2, 7, 3541
What are the prime factors of 22195?
5, 23, 193
List the prime factors of 12177.
3, 11, 41
List the prime factors of 1768.
2, 13, 17
What are the prime factors of 4681?
31, 151
What are the prime factors of 251?
251
What are the prime factors of 3952?
2, 13, 19
What are the prime factors of 172759?
172759
What are the prime factors of 670?
2, 5, 67
List the prime factors of 21607.
17, 31, 41
List t